ctors of m?
2, 3
Let i be 228/(-30) + 4/(-10). Let l be i/((-5)/5) + -5. Suppose -x + 5*f = 6*f - 35, -l*x - 2*f = -108. List the prime factors of x.
2, 19
Let k = -514 + 879. Let r = -195 + k. List the prime factors of r.
2, 5, 17
Suppose -5*s - 3*u = -32, 0 = -0*s + 3*s + 4*u - 28. Suppose j - p - s = 2, -14 = -3*j - p. Suppose 0 = j*q - 527 - 278. What are the prime factors of q?
7, 23
Let f = 338 + -120. Suppose -7*t = -134 - 2015. Let v = t - f. What are the prime factors of v?
89
Let l = 1390 - 425. Suppose l = 4*x + 241. List the prime factors of x.
181
Let p = -22 + 22. Suppose -5*o + 2095 = 5*v, p*v = -2*v + 5*o + 803. What are the prime factors of v?
2, 3, 23
Let u(y) = y**3 - 49*y**2 + 30*y - 704. List the prime factors of u(55).
2, 7, 11, 31
Let k be 2 + -1 - -2 - 1. Suppose -4*o - 2*f = -16, 0 = -o - 9*f + 7*f + 10. Suppose -3*h + 681 = 2*h + o*c, h + k*c - 141 = 0. List the prime factors of h.
3, 5
Suppose 0 = 5*x + 3*r + 397, 3*x + 3*r - 54 + 297 = 0. Let z = x - -392. What are the prime factors of z?
3, 5, 7
Suppose -32475 = -5*y - 5*t, 2*y + y - 19497 = t. Suppose -20*d + y = -2*d. List the prime factors of d.
19
Let k be (-6)/((-4)/(-14) + (-225)/126). Suppose 4*q + 2*y - y - 542 = 0, k*y = 2*q - 262. Suppose 0 = 6*m + q - 459. What are the prime factors of m?
2, 3
Let y = 136 - 76. Suppose -y = -4*n + 16*n. List the prime factors of (n + (-60)/(-18))/(1/(-21)).
5, 7
Let c(x) = 2*x**2 - 13*x + 25. Let i be c(5). Suppose -10740 - 3400 = -i*t. What are the prime factors of t?
2, 7, 101
Let d(i) = 18*i + 18. Let q be d(-18). What are the prime factors of 5 + -9 - (-3 + q)?
5, 61
Let l = 20892 + -12997. What are the prime factors of l?
5, 1579
Let w(a) = 330*a**2 + 90*a + 795. List the prime factors of w(-8).
3, 5, 157
Suppose -7*z + 71 = -13. Let w = -19 + 25. Suppose -z*y + 360 = -w*y. List the prime factors of y.
2, 3, 5
Suppose -28 + 4 = -12*z. Suppose 500 = 2*b - 4*x, z*b + x = 6*x + 501. What are the prime factors of b?
2, 31
Suppose -2*k - 5*s - 53 = -15, 0 = -5*k - s - 49. Let i be ((-189)/36)/(k/12). Suppose i*m + 120 = 11*m. List the prime factors of m.
2, 3, 5
Let x(g) = 2*g**2 + 3*g - 3. Let o(h) = -h**3 - 5*h**2 + 15*h + 10. Suppose 9*m - 11*m - 14 = 0. Let l be o(m). List the prime factors of x(l).
2, 3
Let k(f) = f**2 - 11*f - 4. Let t(l) = 3*l - 10. Let n be t(7). Let c be k(n). What are the prime factors of (9 + 0)*((-368)/6)/c?
2, 3, 23
Let h = -138 + 138. Let r(k) = -k**3 - 2*k**2 + k + 24. List the prime factors of r(h).
2, 3
Let g be -61 + (-12)/(-16)*8. Let d = 368 + g. What are the prime factors of d?
313
Let x(b) = -5*b + 8. Let j be x(10). Let g = j - -41. What are the prime factors of 81/((g/(-3))/((-2)/(-6)))?
3
Suppose -6*m + 142866 = 2*m - 8526. What are the prime factors of m?
2, 3, 19, 83
Suppose -11826 = -10*m + 5484. Suppose 0*a + m = 5*a + 3*w, 699 = 2*a - w. List the prime factors of a.
2, 3, 29
Let i(x) = -x**2 + 12*x + 32. Let u be i(14). Suppose a + u*w = 560, w - 10 = -4*w. List the prime factors of a.
2, 3, 23
Let a = -536 + 943. List the prime factors of (a - (-42)/7) + 5.
2, 11, 19
Suppose c = -3*j - 36, c + 0*j - 3*j = -42. Let y = c - -41. List the prime factors of (-336)/(-5) - y/10.
67
Let x(o) = o - 13. Let v(q) = -2*q + 26. Let k(w) = 2*v(w) + 5*x(w). Let r be k(5). List the prime factors of 3/(-4) - 238/r.
29
Let r(i) = i**2 + 4*i + 907. What are the prime factors of r(-36)?
29, 71
Let w(v) = 4*v**2 - 15*v + 42. Let x be w(-33). Suppose -18*f + 10461 + x = 0. What are the prime factors of f?
853
Let u(j) = -j**2 + 25*j - 63. Let w be u(22). Suppose -w*s + 2252 = -1933. List the prime factors of s.
3, 5, 31
Suppose -23*t = -29367 + 3285. Let u(c) = -2*c + 1. Let w be u(-7). Suppose -t = h - w*h. What are the prime factors of h?
3
Let h = 40 - 44. Let p(q) = -21*q - 2. Let f be p(h). Suppose 0 = -n - 3*t + 40, -2*n - 2*t = 2*t - f. List the prime factors of n.
43
Let y(k) = -35*k + 330. Let z be y(9). Suppose -z*i + 5950 = 2*i. What are the prime factors of i?
2, 5, 7
Suppose 2405 = -3*f + 212. Let s = -304 - f. Suppose -3*n + s = -4*o + 2*o, 3*o - 718 = -5*n. What are the prime factors of n?
11, 13
Suppose 2*h = 7*h - 1185. Let x = 398 - h. What are the prime factors of x?
7, 23
Suppose 0 = -5*r - 40, -2*i - 209*r + 210*r = -134586. What are the prime factors of i?
67289
Let t(o) = -18417*o**3 - 2*o**2 + o - 1. List the prime factors of t(-1).
18413
Let m(w) = w**2 + 18*w + 16. Let r be m(-7). Let v = r - -147. List the prime factors of v.
2, 43
Let b be 0 + (3 - (4 - 0)) + -2. Let j be (b/6)/(3/(-912)). Let o = j + -46. List the prime factors of o.
2, 53
List the prime factors of (-1564)/(6/72*-6).
2, 17, 23
Let l = -63224 + 104770. List the prime factors of l.
2, 20773
Suppose -101*h + 47220 = 16819. List the prime factors of h.
7, 43
Suppose -14406 = -17*u - 4*u + 138264. List the prime factors of u.
2, 5, 727
Suppose -39832 = 10*p + 67*p - 480811. List the prime factors of p.
3, 23, 83
Let u be (7 - 3 - -5)*1/3. Suppose -r = 3*b - 14, 2*r - 2*b + 12 = u*r. Suppose r*z = 2*z + 888. What are the prime factors of z?
2, 37
Let p = -131 + 131. Suppose 2 = 2*v - p, 5*k + 5*v = 30. What are the prime factors of k?
5
Let j(n) = n**3 + 3*n**2 + 2. Let l be j(-3). Let k be (-26)/(10*(-2)/8 + l). Let d = -50 + k. List the prime factors of d.
2
Let p(x) = 37132*x - 475. What are the prime factors of p(1)?
3, 4073
Let s(j) = 5651*j**2 + 555*j - 1. What are the prime factors of s(-2)?
21493
What are the prime factors of (2 - -69)/(-22 + (-293940)/(-13360))?
2, 71, 167
Let c = -13529 - -44280. What are the prime factors of c?
7, 23, 191
Suppose 0*f - v + 11 = 2*f, -4 = -f + v. Let i(m) = 26*m**2 + 4*m - 5. Let j be i(-4). Suppose 75 = -f*q + j. What are the prime factors of q?
2
Suppose 17*p = 27*p - 10950. Suppose -75*v + p = -72*v. What are the prime factors of v?
5, 73
Suppose 0 = -3345*z + 3364*z - 435613. What are the prime factors of z?
101, 227
Suppose 19*r + 20*r - 172896 = 7*r. What are the prime factors of r?
3, 1801
Suppose -5*o - 2*c = -295, -o - 4*c = -c - 59. Suppose -k + 2*k = o. Suppose 5*r = -5*t + 155, -2*t - 3*r + k = -2*r. List the prime factors of t.
2, 7
Let m = -509 - -519. Suppose m*j - 1662 - 14338 = 0. List the prime factors of j.
2, 5
Suppose 30*h - 75 = 27*h. Let k = -22 + h. What are the prime factors of (k - -23)*(4 - 3)?
2, 13
Suppose -5*a - 1669*q = -1665*q - 94217, -3*a + 5*q = -56545. What are the prime factors of a?
5, 3769
Let m(d) be the second derivative of d**4/4 + d**3/2 - 5*d**2/2 + 3*d + 2. What are the prime factors of m(7)?
163
Let a(v) = 7*v**2 - 23*v + 48. Let t be a(15). Suppose 7*m = -s + 5*m + 648, 2*s - 5*m - t = 0. What are the prime factors of s?
2, 7, 23
Suppose 31*q - 835286 = 176988. List the prime factors of q.
2, 29, 563
Let m(a) = -a**3 + 24*a**2 + 58*a - 169. Let s be m(26). Let d(x) be the third derivative of -x**4/2 + 31*x**3/3 + x**2. What are the prime factors of d(s)?
2, 109
Let k = -53 + 68. List the prime factors of ((-6)/k)/((-3)/4635).
2, 3, 103
Let o(t) = -2033*t**3 - 22*t**2 - 47*t + 12. List the prime factors of o(-3).
2, 3, 11, 277
What are the prime factors of (-46)/207 + (-4)/14 + 2153468/252?
5, 1709
Suppose 3*y + 62727 = 4*p, 294*y - 291*y = 5*p - 78408. What are the prime factors of p?
3, 5227
Let m(k) = 3*k + 9. Let x(o) = -o**2 - 2*o + 32. Let i be x(-7). Let s be m(i). Suppose s = -5*d - 15*b + 11*b + 395, 0 = 5*b. List the prime factors of d.
79
Suppose -11202 + 12118 = -11*b + 26986. What are the prime factors of b?
2, 3, 5, 79
Let r = 237 - 234. List the prime factors of (r/(-2))/(-1) - 25110/(-60).
2, 3, 5, 7
Let g(m) = 610*m + 461. Let w be g(5). Suppose -11166 = -5*f - w. What are the prime factors of f?
1531
Let k(n) = 678*n**2 + 10*n - 5. Let s(o) = -679*o**2 - 10*o + 6. Let d(h) = -3*k(h) - 4*s(h). What are the prime factors of d(1)?
683
Let x = -206 + 213. Suppose -x*y - 616 = -18*y. List the prime factors of y.
2, 7
Suppose 0 = 106*a - 95*a - 87857. What are the prime factors of a?
7, 163
List the prime factors of -20 + 4050 + -17 - -17.
2, 5, 13, 31
Let v be 1/(-2)*5/20*0. Suppose -2*j - l = 1, v = 2*j + 5*l + 5. Suppose 545 = -j*q + 5*q. List the prime factors of q.
109
Suppose -18*p = 29*p - 141.